at is the value of (-2 + 2 - 0) + (1 - 9)?
-8
Calculate 5 + (8 - 17 - -10).
6
What is the value of 5 - (2 + 7) - 2?
-6
What is 1 - (0 + 5 + 1 + -3)?
-2
Calculate -9 - -11 - (-5 - -2).
5
Calculate 13 + -11 - (-11 + 5 + 3).
5
What is (-1 - (-2 - 2)) + (2 - 3)?
2
What is 2 + -12 + 22 - (1 + 2)?
9
What is the value of -13 - (0 + -3 + 4 + -6)?
-8
Calculate (-10 - -9) + 12 + -3 + -2.
6
Evaluate 3 + 5 + -6 + -2 + 1.
1
Calculate -6 + 1 - (-20 - -14).
1
Evaluate (13 - 11) + 6 - 4.
4
Evaluate 5 - 1 - (7 - -7).
-10
Evaluate -4 - ((-7 - -3) + 4 + -6).
2
(3 - (-1 + -1)) + -1 + -4
0
Evaluate 0 + 7 - (0 - -3).
4
What is 0 - 0 - (5 - 5 - 4)?
4
What is the value of 18 + (-16 - -8 - 1)?
9
Calculate -2 + 6 - (-7 + 8).
3
What is the value of -5 - ((-5 - (-2 - -1)) + 2)?
-3
Calculate 4 - (2 - -1 - -1) - -2.
2
Evaluate -2 + -4 + 18 + -7.
5
What is the value of 4 - (-1 - (6 - 12) - -5)?
-6
What is -2 + (-2 - (0 + (-1 - 1)))?
-2
-13 - -1 - (-64 + 57)
-5
Evaluate (4 - 4) + -1 - 5.
-6
Calculate 10 - (-8 + 13 + -1).
6
Evaluate (2 - 1) + 1 + -2 + -3.
-3
Evaluate 0 - 7 - (-5 + -2).
0
Evaluate 1 + -8 + (-1 - (2 - 2)).
-8
Evaluate 16 + 2 + -9 - (7 + -1).
3
What is the value of -4 + 7 + -7 + 6?
2
What is the value of (4 - 3) + -7 + (-8 - -9)?
-5
Calculate (2 - (-16 - -17)) + (4 - 1).
4
(-51 - -41) + (0 - -6)
-4
What is 4 + (-13 - -14) - 12?
-7
Calculate (-1 - -3) + -10 + 9.
1
Calculate 1 - (-16 - (-28 + 13)).
2
-7 + -1 - -8 - (1 - 1)
0
(1 - (-2 - 4)) + 0
7
What is 1 + (-2 - -2) - 4?
-3
What is the value of -3 + -1 - (2 - -5 - 7)?
-4
(1 - -5) + (-2 - -3) + -2
5
(-2 - 1 - -18) + -9
6
Evaluate -2 + (-4 - (3 - 6)).
-3
What is the value of -1 + 1 + 0 + 9 + -11?
-2
What is (-6 - -5 - 3) + 1?
-3
What is 8 + (-9 - (9 - 3))?
-7
What is -4 - (-5 - (-16 + 5) - 4)?
-6
Evaluate (16 - 18) + 5 + -10.
-7
Evaluate (0 + 2 - -1) + (5 - 7).
1
Evaluate (-4 - -1) + 0 - (25 + -33).
5
Evaluate 0 + 0 - -1 - -3.
4
What is the value of (-25 - -25) + 1 + 0 - 4?
-3
Calculate 8 + (4 - 17) + (-16 - -12).
-9
Evaluate -1 - -10 - (6 + -5).
8
Evaluate (7 - ((-4 - -3) + 5)) + -5.
-2
What is -7 - -1 - (-5 - 0)?
-1
What is the value of -4 + 11 - 7 - (-6 + -3)?
9
What is the value of 5 + -14 + (-5 - -10)?
-4
Calculate (-1 + -6 - -1) + 12.
6
What is the value of -2 - ((-3 - -6) + -3 - -4)?
-6
Evaluate 5 + -13 + (-2 - -7).
-3
(2 - -5) + (3 - (-8 + 17))
1
Evaluate -8 + (8 + -1 - -1).
0
Calculate (1 - -2) + -2 - -1 - 7.
-5
What is the value of -8 - (1 + -1 - 6)?
-2
What is (7 + 4 - 7) + -5 + -2?
-3
Calculate 3 + (-1 - 5) - -4.
1
Calculate 16 + -16 - (9 - (-2 - -4)).
-7
What is -5 + 1 - (-8 - -2 - 3)?
5
(2 - (3 - -4)) + 2 + 1
-2
(-5 - (2 - 1)) + 4 - 6
-8
What is -8 + 3 + 6 + -1 + -1?
-1
What is the value of (-2 - (3 - (0 - 1))) + 3?
-3
Calculate -1 - -9 - (-88 - -94).
2
What is the value of -5 - -5 - -4 - 6?
-2
Calculate (0 - -7) + -4 + -6.
-3
Calculate -51 + 55 + 0 + -7 + -1.
-4
What is the value of (-5 - 0) + 5 + 4 - 1?
3
Calculate -9 - (6 - (-8 - -18)).
-5
Evaluate -3 + 3 + (8 + -1 - 3).
4
What is 10 + -3 + -3 + 1?
5
Evaluate -4 - -16 - (29 - 11).
-6
Calculate -2 + (5 - 3) + -2.
-2
Calculate 5 + (-12 - -4) - -7.
4
What is -1 + 5 + -1 + -8?
-5
What is -5 - (-2 + 2 + 7 + -7)?
-5
What is 5 - 0 - (-4 + 13)?
-4
-4 + (-9 - -11 - (-2 - 0))
0
What is the value of -2 + 5 + -3 - (-6 + 7)?
-1
What is the value of -3 - -4 - (-19 - -17) - -1?
4
What is the value of 3 - (4 - (-2 + (-4 - -5)))?
-2
Calculate 0 + (2 - (2 - 3)).
3
What is 1 + 5 - (8 + 2 + -6)?
2
What is the value of -1 + -3 + -10 + 7 - -3?
-4
0 - -2 - (217 + -221)
6
Calculate 3 + -4 + -2 - -5.
2
What is -8 - -11 - (-1 - 3)?
7
Calculate -8 + 19 + -22 + (8 - 0).
-3
What is (-5 + 1 - 2) + 10?
4
Evaluate 0 + -5 + -5 + 5 - 0.
-5
What is the value of 1 - 5 - (4 + -3 - 2)?
-3
Calculate (-2 - -12) + 0 + 1 + -6.
5
What is 3 + -1 + 7 + -4?
5
Evaluate (1 - 8) + 7 - -1.
1
What is 21 + -9 + -7 + (-1 - 6)?
-2
Calculate -27 + 24 + -3 + -1 - -6.
-1
Calculate 10 - (-2 + 17) - (-1 - 14).
10
Calculate 8 - 1 - (22 + -19).
4
-1 + -1 + 0 - (-125 - -126)
-3
What is the value of (-1 - (5 + -5)) + 1 + -1?
-1
Evaluate 6 - ((-1 - -4) + -61 + 58).
6
What is the value of 9 + -2 + (-14 + 15 - 8)?
0
What is the value of 5 - (10 - (2 + 13))?
10
-15 - -12 - (-1 - -1)
-3
6 - (3 + -2 + 4)
1
What is 1 + (-10 - -1) - -6?
-2
-8 - (-10 - -2) - -3
3
Evaluate (-6 + 1 - -4) + (0 - 1).
-2
Evaluate 0 + 2 + 0 + 1 + 0.
3
Evaluate (0 - -4) + 0 - 1.
3
Evaluate 2 - -4 - (-12 + 13).
5
Evaluate -6 + 3 - -2 - (-2 - 0).
1
Calculate 5 - ((-1 - 0) + (-27 - -32)).
1
Calculate 14 - (-14 - (4 + -28)).
4
What is 1 + (11 - 25) + 6?
-7
Calculate 90 - 91 - (-2 + 8).
-7
Evaluate (5 - (10 + -9)) + (2 - 1).
5
Calculate -2 + 4 + -8 - -5.
-1
Calculate -6 + 4 + 3 + (6 - 0).
7
-6 - -1 - (2 - 3) - -4
0
(-2 - -2) + -12 + 5 - 0
-7
What is the value of 3 + 0 + 2 - (-3 - -13)?
-5
Evaluate 83 + -82 - (-2 + (-1 - 0)).
4
What is the value of -3 - (-2 - -2) - -6 - -3?
6
(6 - 12) + 6 + (5 - 7)
-2
What is the value of 15 + (-10 - (-11 - -5))?
11
What is (3 + -4 - 9 - -3) + 3?
-4
Calculate (-3 + 2 - -5) + (6 - 7).
3
Calculate (3 - (-5 - -5)) + -15 + 6.
-6
What is -1 + 2 + 5 + (-47 - -51)?
10
What is the value of 4 + (1 - 4) + 3?
4
Evaluate -20 - -16 - -12 - (7 + -1).
2
-4 + (5 - 6) - (0 + -1)
-4
Calculate 0 + 6 - (72 - 64).
-2
What is the value of 2 + -16 - (27 + -30)?
-11
Calculate -5 - (6 + -2 + 3 + -9).
-3
What is the value of 0 + 4 - (-22 + 10 - -17)?
-1
-2 + 5 + -1 + (-2 - -1)
1
What is (20 - 25) + 3 + -5?
-7
3 + -4 + 3 - (-1 + 5)
-2
What is -1 - (2 - (15 - 8))?
4
(-4 - -7) + (2 - 1)
4
Evaluate 0 + 0 - ((0 - -2) + -5).
3
Evaluate -2 + 5 + 1 + 0 + 1.
5
Calculate -7 - (-9 + 11 + -8).
-1
What is the value of 0 - 0 - (1 - (-8 - -4))?
-5
Calculate 0 - (1 - (3 + 3)).
5
What is (0 - (-3 + -2)) + -22 + 17?
0
What is the value of 4 + (0 - 1 - -2) + -3?
2
Calculate -24 - -19 - (-1 + 1 + -9).
4
What is 3 + 3 + (-5 - -2)?
3
Calculate 2 + (5 - 1 - -2 - 3).
5
2 - ((9 - 2) + -2)
-3
What is the value of -2 + -3 + 3 - (-2 - -2)?
-2
Calculate -12 + 7 + 13 - 10.
-2
3 + 0 + (-3 + -1 - 3)
-4
What is the value of -1 + 0 + -1 + 5?
3
0 + 0 - (0 + -2 - 3)
5
-2 - 2 - -1 - -8
5
1 - (12 + 4 + -5 + -4)
-6
Evaluate 16 - (9 - 5) - 21.
-9
Evaluate (0 - -1) + (-6 - -9).
4
-1 - -2 - (9 + (-8 - -5))
-5
(46 - 49) + 4 + 0
1
What is 8 - -11 - 13 - 15?
-9
What is 2 + -7 + (6 - 4)?
-3
Calculate 1 - (3 - (-1 - -2)).
-1
Evaluate -4 + 2 + 1 + (4 - 3).
0
Calculate (8 - -2) + 34 + -43.
1
What is the value of (-1 - -2) + -2 + 5 + -8?
-4
What is -3 + (-3 - 3) + (10 - 8)?
-7
What is the value of 2 - -13 - 3 - (2 + 4)?
6
Calculate 3 - 12 - (-10 + -2).
3
What is the value of 1 - (-17 + 6 + 6 + 1)?
5
Evaluate 5 + (-4 - -5) + -2.
4
Calculate 1 - -2 - (20 + -23).
6
What is -1 - -4 - (-4 + 2 + 1)?
4
What is the value of -8 + 25 + -13 - (4 + 2)?
-2
What is 6 - (3 + (5 - 0 - 3))?
1
What is -5 + 13 + (4 - 6) + -4?
2
Evaluate 3 + (-3 - -7 - 12) + 2.
-3
-2 + 1 + (3 - 6)
-4
13 + (-1 + 0 - -3) + -8
7
What is 4 - (2 - (-10 + 7))?
-1
What is (-4 + 2 - 9) + 5 + -1?
-7
What is -10 + 7 - (-1 + 1)?
-3
2 - 7 - (-8 + 3)
0
Calculate (-2 - (2 - (3 - -1))) + -4.
-4
Calculate 98 + -105 + (1 - -4).
-2
What is 4 + -1 + (-3 - (-4 - -1))?
3
2 - 2 - (-7 + 1 - -10)
-4
Calculate 2 - (-5 - -8) - 1.
-2
What is the value of (2 - 5 - 1) + (4 - 5)?
-5
Evaluate 1 + -3 - 1 - -4.
1
Evaluate 3 + 3 + 5 + (-9 - -4).
6
9 + -15 + 8 + -3
-1
What is the value of (1 - 1 - 5) + 14?
9
Evaluate 1 + -5 + (2 - -7) + 2.
7
Calculate 1 - 12 - (7 + 17 + -29).
-6
0 + 1 + -2 + -6 + 2
-5
Calculate 1 + 3 - (26 - 30).
8
Evaluate (4 - (13 + -3)) + 6 + 2.
2
What is (-5 - -4) + 6 + -4?
1
What is 0 + -1 - ((5 - 2) + -3)?
-1
Evaluate 4 + 13 + (-33 - -22).
6
0 + 5 - (-5 - -8)
2
What is the value of 0 + (-3 - 2) - -8?
3
What is 4 + -8 - (-6 - -3)?
-1
What is the value of 17 + -15 + 0 + 0 + -1?
1
Evaluate -3 + 0 + 4 + -2.
-1
What is the value of 7 + (-3 - (7 - 11))?
8
-2 + 0 + 6 - 5
-1
(-4 - 4 - -5) + 0
-3
-5 - (2 - 5 - 7)
5
What is the value of 0 + (-1 - (2 - 1)) - -1?
-1
2 + 0 - (-22 + 29)
-5
Calculate (1 - (-12 + 16)) + 0.
-3
-7 - -5 - (3 - 1)
-4
What is the value of (3 - 8) + 0 + (-2 - -3)?
-4
Calculate 8 + -14 + 27 + -14.
7
What is the value of -7 - -8 - (3 + -5)?
3
What is 6 + -1 + (-11 - -15 - 19)?
-10
What is the value of (6 - (12 - 5)) + 5?
4